{"id":73,"date":"2020-11-26T17:02:51","date_gmt":"2020-11-26T16:02:51","guid":{"rendered":"http:\/\/silhouettefranceleblog.fr\/?page_id=73"},"modified":"2020-11-30T14:47:01","modified_gmt":"2020-11-30T13:47:01","slug":"a-propos","status":"publish","type":"page","link":"https:\/\/silhouettefranceleblog.fr\/?page_id=73","title":{"rendered":"Contact"},"content":{"rendered":"\n<p>Si votre question concerne un probl\u00e8me technique touchant votre machine ou le logiciel Silhouette Studio, suivez ce lien : <a href=\"http:\/\/silhouettefr.fr\/contact.html\">http:\/\/silhouettefr.fr\/contact.html<\/a><\/p>\n\n\n\n<p>Si vous voulez \u00e9changer avec nous sur le blog, vos id\u00e9es ou vos cr\u00e9ations, vous pouvez nous contacter \u00e0 cette adresse :<\/p>\n\n\n\n<p>communication@ankersmit.fr<\/p>\n\n\n\n<p><\/p>\n","protected":false},"excerpt":{"rendered":"<p>Si votre question concerne un probl\u00e8me technique touchant votre machine ou le logiciel Silhouette Studio, suivez ce lien : http:\/\/silhouettefr.fr\/contact.html Si vous voulez \u00e9changer avec &hellip; <\/p>\n","protected":false},"author":2,"featured_media":0,"parent":0,"menu_order":0,"comment_status":"closed","ping_status":"closed","template":"","meta":[],"yoast_head":"<!-- This site is optimized with the Yoast SEO plugin v15.9.1 - https:\/\/yoast.com\/wordpress\/plugins\/seo\/ -->\n<title>Contact - Le Blog Officiel de Silhouette France<\/title>\n<meta name=\"robots\" content=\"index, follow, max-snippet:-1, max-image-preview:large, max-video-preview:-1\" \/>\n<link rel=\"canonical\" href=\"https:\/\/silhouettefranceleblog.fr\/?page_id=73\" \/>\n<meta property=\"og:locale\" content=\"fr_FR\" \/>\n<meta property=\"og:type\" content=\"article\" \/>\n<meta property=\"og:title\" content=\"Contact - Le Blog Officiel de Silhouette France\" \/>\n<meta property=\"og:description\" content=\"Si votre question concerne un probl\u00e8me technique touchant votre machine ou le logiciel Silhouette Studio, suivez ce lien : http:\/\/silhouettefr.fr\/contact.html Si vous voulez \u00e9changer avec &hellip;\" \/>\n<meta property=\"og:url\" content=\"https:\/\/silhouettefranceleblog.fr\/?page_id=73\" \/>\n<meta property=\"og:site_name\" content=\"Le Blog Officiel de Silhouette France\" \/>\n<meta property=\"article:modified_time\" content=\"2020-11-30T13:47:01+00:00\" \/>\n<meta name=\"twitter:card\" content=\"summary_large_image\" \/>\n<script type=\"application\/ld+json\" class=\"yoast-schema-graph\">{\"@context\":\"https:\/\/schema.org\",\"@graph\":[{\"@type\":\"WebSite\",\"@id\":\"https:\/\/silhouettefranceleblog.fr\/#website\",\"url\":\"https:\/\/silhouettefranceleblog.fr\/\",\"name\":\"Le Blog Officiel de Silhouette France\",\"description\":\"Par Ankersmit France\",\"potentialAction\":[{\"@type\":\"SearchAction\",\"target\":\"https:\/\/silhouettefranceleblog.fr\/?s={search_term_string}\",\"query-input\":\"required name=search_term_string\"}],\"inLanguage\":\"fr-FR\"},{\"@type\":\"WebPage\",\"@id\":\"https:\/\/silhouettefranceleblog.fr\/?page_id=73#webpage\",\"url\":\"https:\/\/silhouettefranceleblog.fr\/?page_id=73\",\"name\":\"Contact - Le Blog Officiel de Silhouette France\",\"isPartOf\":{\"@id\":\"https:\/\/silhouettefranceleblog.fr\/#website\"},\"datePublished\":\"2020-11-26T16:02:51+00:00\",\"dateModified\":\"2020-11-30T13:47:01+00:00\",\"breadcrumb\":{\"@id\":\"https:\/\/silhouettefranceleblog.fr\/?page_id=73#breadcrumb\"},\"inLanguage\":\"fr-FR\",\"potentialAction\":[{\"@type\":\"ReadAction\",\"target\":[\"https:\/\/silhouettefranceleblog.fr\/?page_id=73\"]}]},{\"@type\":\"BreadcrumbList\",\"@id\":\"https:\/\/silhouettefranceleblog.fr\/?page_id=73#breadcrumb\",\"itemListElement\":[{\"@type\":\"ListItem\",\"position\":1,\"item\":{\"@type\":\"WebPage\",\"@id\":\"https:\/\/silhouettefranceleblog.fr\/\",\"url\":\"https:\/\/silhouettefranceleblog.fr\/\",\"name\":\"Accueil\"}},{\"@type\":\"ListItem\",\"position\":2,\"item\":{\"@type\":\"WebPage\",\"@id\":\"https:\/\/silhouettefranceleblog.fr\/?page_id=73\",\"url\":\"https:\/\/silhouettefranceleblog.fr\/?page_id=73\",\"name\":\"Contact\"}}]}]}<\/script>\n<!-- \/ Yoast SEO plugin. -->","_links":{"self":[{"href":"https:\/\/silhouettefranceleblog.fr\/index.php?rest_route=\/wp\/v2\/pages\/73"}],"collection":[{"href":"https:\/\/silhouettefranceleblog.fr\/index.php?rest_route=\/wp\/v2\/pages"}],"about":[{"href":"https:\/\/silhouettefranceleblog.fr\/index.php?rest_route=\/wp\/v2\/types\/page"}],"author":[{"embeddable":true,"href":"https:\/\/silhouettefranceleblog.fr\/index.php?rest_route=\/wp\/v2\/users\/2"}],"replies":[{"embeddable":true,"href":"https:\/\/silhouettefranceleblog.fr\/index.php?rest_route=%2Fwp%2Fv2%2Fcomments&post=73"}],"version-history":[{"count":5,"href":"https:\/\/silhouettefranceleblog.fr\/index.php?rest_route=\/wp\/v2\/pages\/73\/revisions"}],"predecessor-version":[{"id":115,"href":"https:\/\/silhouettefranceleblog.fr\/index.php?rest_route=\/wp\/v2\/pages\/73\/revisions\/115"}],"wp:attachment":[{"href":"https:\/\/silhouettefranceleblog.fr\/index.php?rest_route=%2Fwp%2Fv2%2Fmedia&parent=73"}],"curies":[{"name":"wp","href":"https:\/\/api.w.org\/{rel}","templated":true}]}}